. Let f(z) = z**2 - 6*z - 8. Calculate f(k).
-1
Let h(b) = b - 22. Let f be h(16). Let z(s) = 0*s + 9324 + 9327 - s - 18648. What is z(f)?
9
Let y = 3666 - 3671. Let q(v) = -2*v**3 - 6*v**2 + 3*v - 9. What is q(y)?
76
Let n(c) = -101*c**3 + 4*c**2 - 211*c + 102*c**3 + 204*c - 3. Calculate n(2).
7
Let g(v) = -v**2 - v + 4. Let w(d) = 2*d**2 + 14*d + 9. Let j(a) = -a**2 + 8*a + 3. Let c be j(9). Let s be w(c). Calculate g(s).
-2
Let s(j) = -j + 10. Let c = 1543 - 1539. Let m be -50*((-18)/(-4) - 2). Let i be m/15 - c/(-12). Determine s(i).
18
Let c(w) = -w**3 + 9*w**2 + 18*w + 16. Let r = -8172 - -8183. Calculate c(r).
-28
Let p be (0 + 2)*3/2. Suppose -16 = p*x - 11*x. Let g(l) = 2*l**x - 164*l + 6 - l**2 + 166*l. Give g(-5).
21
Let h(g) be the second derivative of -g**4/12 - g**3/3 + g**2/2 - g. Let l be 664/(-83) + (7 - 1). Calculate h(l).
1
Let c = -251 - -280. Suppose -c*y - 8 = -27*y. Let u(r) = r**2 + 3*r - 2. Give u(y).
2
Let i = 2967 + -2967. Let r(u) be the second derivative of u**2 + 2*u - 1/6*u**3 + i. Calculate r(5).
-3
Let s = -191 + 181. Let z(n) = 3*n**2 - 23*n + 12. Let m(o) = 5*o**2 - 35*o + 18. Suppose 15 = 2*r - 1. Let p(j) = r*z(j) - 5*m(j). Give p(s).
-4
Let g(l) = -78*l**2 - 25*l + 198. Let u(r) = 38*r**2 + 11*r - 88. Let v(z) = 4*g(z) + 9*u(z). Suppose f - 4 = 3*w - 3, 5*f = -4*w + 24. Give v(w).
29
Let t(o) = -331*o + 162*o + 189*o + 10. What is t(-4)?
-70
Suppose 16 + 10 = -2*t. Let w(l) = 2*l**2 + 21*l - 4. Let p be w(t). Let v = 58 - p. Let o(u) = u**3 + 3*u**2 - u + 2. What is o(v)?
5
Let g(z) be the second derivative of -4*z**3/3 + 47*z**2/2 - 509*z. Determine g(6).
-1
Suppose 5*w + 221 = 106. Let k be ((1 - 1) + -2)/(w/46). Let r(s) = s**3 - 3*s**2 - 2*s. What is r(k)?
8
Let h = -19287 + 19291. Let o(u) = -11*u + 12. Let y(g) = 16*g + g - 25 + 6*g. Let k(s) = -13*o(s) - 6*y(s). Determine k(h).
14
Let w(b) = -b**3 - 8*b**2 + 10*b - 4. Let c(l) = -2*l**2 - 25*l - 32. Let q be c(-19). Let j = q - -270. Give w(j).
-13
Let o(u) = -2*u**3 - 4*u**2 + 2*u + 12. Suppose 4*v + 48 = -6*t, -4*t - 21 = -23*v + 22*v. What is o(v)?
24
Suppose -4 = 3*z - 7*z. Let l(x) = 164 + 2*x - 9*x - 94 - 71. Determine l(z).
-8
Let k(j) = -11*j + 73. Let r be ((-143)/(-22))/(-13) + 2/((-16)/(-52)). Give k(r).
7
Let i = -13 + 2. Let u(x) = x - 1541 - 1562 + 3119. What is u(i)?
5
Let s(i) = 2*i - 1. Suppose 8*x - 4 = 20. Suppose -x*k + 25 = 5*w - 12, k - 2*w = -6. Suppose 17 = 2*v + k*h - 7*h, -20 = -2*v + 4*h. What is s(v)?
7
Let z(v) = -23 - 2*v + v + 5*v + 18. Let m be 70/(-280)*(-7 - 1). Determine z(m).
3
Let n(p) = p**3 + 16*p**2 + 13*p - 7. Let f(u) = -u**3 - 15*u**2 - 13*u + 13. Let a(j) = -5*f(j) - 4*n(j). What is a(-9)?
8
Let a be ((-26)/39 + (-8)/42)/(8/(-168)). Let v(n) = 5*n**2 - 92*n + 30. Give v(a).
-6
Let c(w) = -w. Let p(r) = -r - 11. Let h be p(-7). Let k(u) = 7*u**2 + 3*u + 3. Let t be k(h). Let f = t - 97. Determine c(f).
-6
Let n = 62501 + -39732. Let u(o) = 2 - 22763*o - 3 + n*o. Determine u(1).
5
Let q(r) = -r**2 - 7*r - 4. Suppose 0 = 86*w - 89*w + 57. Suppose 2*c + 20 = 2*h, -6*h + w = -c - 2*h. Give q(c).
-4
Let v(z) be the second derivative of -z**4/6 - 11*z**3/2 + 11*z**2 - 35*z. Let n be v(-17). Let b(p) = 4*p - 14. What is b(n)?
6
Let g(h) = -h**3 - h**2 + h - 9. Let q(a) = -a**3 + 7*a**2 + 19*a - 9. Suppose -j = -28 + 19. Let k be q(j). Give g(k).
-9
Let v(y) be the first derivative of -y**4/4 + 5*y**3/3 + y**2/2 + 5*y + 14. Let i(j) = -8*j - 123. Let x be i(-16). Give v(x).
10
Let u(y) = -7*y**3 - 5*y. Let f(m) = 13*m - 28. Let s be f(3). Let c(b) = 14*b**3 + 9*b. Let d(j) = s*u(j) + 6*c(j). Let t = 16 - 17. Determine d(t).
-6
Let m(b) be the first derivative of 4*b**3/3 + 15*b**2/2 - 5*b + 1204. Calculate m(-5).
20
Let a(y) = y**3 + 8*y**2 + y + 11. Suppose 0 = h - 5 + 2. Let g(c) = 8*c - 67. Let b be g(7). Let z = h + b. What is a(z)?
3
Let o(m) be the first derivative of 25*m**2/2 - 322*m + 7459. Determine o(13).
3
Let c(z) = -125*z + 253*z - 7 + 16 - 120*z. Give c(-4).
-23
Let o(q) = -12*q - 41. Let k(a) = -25*a - 81. Let x(c) = 3*k(c) - 7*o(c). Let n be x(-4). Let m(z) = -z**2 + 10*z + 8. What is m(n)?
24
Let m(a) = -59*a - 1640. Let w be m(-28). Let r(x) = x**2 - 19*x + 77. Determine r(w).
-7
Let r be (1/2)/((-2)/4*1). Let c(i) = -i**2 + i + 1. Let x(s) = -2*s**2 + 2*s - 4. Let o(w) = r*x(w) + 3*c(w). Determine o(0).
7
Let k(o) be the third derivative of 13*o**4/8 + 49*o**3/6 - 32*o**2 + 28*o. What is k(-1)?
10
Let q(r) be the second derivative of r**5/20 + 5*r**4/12 + 5*r**3/6 + r**2/2 + r. Let x be -34 + (24/(-8) - -33). Calculate q(x).
-3
Let h(a) = -2*a + 2. Let s be h(-2). Let u(j) be the third derivative of 4/3*j**3 + 0 + 0*j - 26*j**2 - 1/24*j**4. Calculate u(s).
2
Let z(o) = -9*o**3 - 12*o**2 + 30*o + 4. Let g(a) = 7*a**3 + 12*a**2 - 28*a - 5. Let s(n) = 5*g(n) + 4*z(n). What is s(10)?
-9
Let h(o) = 20*o**3 - 16*o**2 + 54*o - 9. Let l(f) = -9*f**3 + 8*f**2 - 25*f + 5. Let b(j) = -4*h(j) - 9*l(j). Give b(7).
5
Let q(i) = 2*i**3 - 23*i**2 - 11*i - 13. Let z be q(12). Let d(g) = -g**2 - 16*g + 10. Let p(k) = -3*k. Let o(v) = z*d(v) + 3*p(v). Calculate o(-8).
-2
Let p(w) = 8*w**2 - 5*w**2 - 2*w**2 - 29*w + 31*w - 2*w**2 + 4. What is p(5)?
-11
Let i(u) be the first derivative of u**5/60 + u**4/24 - u**3/2 + 82*u**2 + 180. Let q(g) be the second derivative of i(g). Determine q(-2).
-1
Let i(u) = -27*u + 232. Let y be i(9). Let t(d) = d**2 + 12*d + 16. What is t(y)?
5
Let s(z) = -5 + z**2 - z**3 + 4*z**2 + 5*z + 0. Let u(w) = w**3 + 13*w**2 - 15*w - 8. Let y = -230 + 216. Let q be u(y). What is s(q)?
-11
Let m(p) be the first derivative of 86 + 3*p + 2*p**3 + 5/2*p**2 + 1/4*p**4. Give m(-5).
3
Let z = 463078 - 463072. Let r = -1 - -4. Let l(i) = i + 1 + i - r*i. Determine l(z).
-5
Let d(n) = -2*n**2 - 16*n - 36. Suppose 0 = -20*c - 92 - 69 + 1. Calculate d(c).
-36
Let p(b) = -5*b**3 - 2*b**2 - 84*b + 4. Let j(k) = -k**3 - k**2 - 14*k + 1. Let l(c) = -6*j(c) + p(c). Determine l(-2).
6
Let y(i) be the third derivative of -i**5/60 + i**4/12 + 4*i**3/3 + 2*i**2 + 218*i. Give y(0).
8
Let u = -327 - -356. Let b(f) = 3*f - 22*f**3 - 22*f**3 + 4*f**2 - u*f**3 + 2 + 78*f**3. Give b(-2).
-28
Let d(j) = 6*j**2 + j. Let l be d(1). Let b(y) = 7*y - 46. Let a be b(l). Let n(c) = -2 + 11*c - 33*c**2 + c**a + 0*c**3 + 21*c**2. Give n(11).
-2
Suppose -j - l + 9 = -0*j, 4*j - 44 = 4*l. Let v(c) be the first derivative of -c**4/4 + 10*c**3/3 + 11*c - 44. Give v(j).
11
Suppose -17*v + 41 = -27. Suppose -2 + 2 = -v*h. Let r(m) = m - 31. Give r(h).
-31
Let c(p) = -p**2 - 8*p + 2 - 5 - 7. Let h(z) = -9329*z - 111953. Let g be h(-12). Determine c(g).
5
Let c(r) = r**2 - 3*r + 1. Let j = -3026 + 3030. Give c(j).
5
Let g(b) = b**3 - 7*b**2 + 7*b - 6. Let w(s) be the second derivative of s**4/12 - 29*s**2 - 52*s. Let p be w(8). Calculate g(p).
0
Let w(b) = -b**3 + 2*b**2 + 3*b - 5. Suppose -3 = 446*r - 406*r - 83. Give w(r).
1
Let y(d) be the third derivative of 49*d**4/24 - 98*d**3/3 + 2*d**2 - d + 139. Give y(4).
0
Let a(u) = 3*u**3 + 33*u**2 - 7*u + 68. Let x(z) = 7*z**3 + 67*z**2 - 15*z + 145. Let j(f) = -11*a(f) + 5*x(f). Give j(14).
5
Let m(t) = t**2 + 13*t + 26. Let r be m(-11). Let v be 4/r - 5*-8. Let x = v + -38. Let p(a) = -a**3 + 4*a**2 - 3*a - 2. Determine p(x).
-2
Suppose 54*l - 25*l - 27 - 147 = 0. Let u(j) = -18*j + 96. Determine u(l).
-12
Let r(o) = 9*o**3 - 138*o**2 + 44*o. Let a be r(15). Let q(k) = 8*k + 115. What is q(a)?
-5
Let b = -2021 + 2022. Let x(o) = -3*o + 2*o + 8*o - o - 1. What is x(b)?
5
Suppose 300682*t - 300732*t = -300. Let o(n) = -4*n**2 + 5*n**2 - 4*n - 2*n. Calculate o(t).
0
Let m(a) = -a**3 - 20*a**2 - 48*a + 49. Suppose 4784 - 4444 = -20*s. What is m(s)?
-2
Let n(i) = -i**3 - i**2 - i - 18. Let f = -517 - -290. Let c = f + 227. Determine n(c).
-18
Let l(s) = 3*s**2 - 4*s - 1. Let v(q) = 16*q**2 - 19*q - 4. Let f(i) = 11*l(i) - 2*v(i). Give f(4).
-11
Let q(t) = 9*t**2 - 17*t + 2. Let f(b) be the second derivative of -5*b**4/12 + 4*b**3/3 - b**2/2 + 181*b. Let r(k) = 5*f(k) + 3*q(k). Calculate r(6).
7
Let r(x) = -44 + 25*x + 54 - 3515*x**2 + 77 + 3514*x**2. Give r(29).
-29
Let n(i) = 12*i**3 + i**2 - i - 6. Suppose -4*r + 5*r - t + 8 = 0, 4*t = 4. Let q(o) = -12*o**3 - o**2 + o + 7. Let h(d) 